 -2032 + 2041. Calculate q(b).
9
Let h(v) = 123*v - 1347. Let c be h(11). Let g(s) = -s**2 + 10*s - 17. What is g(c)?
7
Let b(n) be the first derivative of 1/2*n**2 + 9*n + 99. What is b(-6)?
3
Suppose 3*w - 4*h + 63 = 0, 3*w + 3 = -9*h - 7*h. Let k(u) = -u**2 - 17*u - 8. Give k(w).
-8
Suppose -16 = -4*h - 4*s, 0*s - 20 = -5*h + s. Let q be h*2/28 - 24/(-14). Let r(f) = f + 2*f + 3 + 3*f - q*f. Calculate r(-3).
-9
Let d = 47 - 46. Suppose 3*f - 5 = d. Suppose -3*r - r - 14 = -f*i, -4*r - 5*i = -21. Let l(k) = -6*k + 1. What is l(r)?
7
Let c(p) = -3*p**2 + 3*p + 3. Suppose -18 = -10*j + 8*j + 4*o, 0 = -j - 5*o - 5. Determine c(j).
-57
Let g be (104/(-39))/(2/(-186)). Let w(b) = -9*b - g*b**2 - 258*b**2 + 8 + 507*b**2. What is w(6)?
-10
Suppose -5 - 6 = -j - 2*s, 3*s - 30 = -6*j. Let u(f) be the third derivative of 0*f + 39*f**2 - 1/6*f**4 - f**j + 0. Determine u(5).
-26
Let a(n) = n**2 - 3*n - 2. Let h = -79 - -112. Let v = -36 + h. Let l be ((-56)/12 + 4)*v. Calculate a(l).
-4
Let l be (5 + -3)*((-7)/2 - -5) + -5. Let j(h) = 25*h + 17. What is j(l)?
-33
Let v(q) = -q**2 - q. Let r(p) = 2*p. Let k(s) = 2*r(s) + 3*v(s). Let f be k(-1). Let c(n) be the first derivative of n**2/2 - n - 63. Determine c(f).
-5
Let k be -2 - (-7 + 1 + 3). Let m be -9*k/(-15) - (-14)/10. Let t(q) = -3*q + 2. Calculate t(m).
-4
Let z(u) = -5*u - 5*u**2 + 940 - 5*u - 944. Let k(x) = -4*x**2 - 9*x - 3. Let s(j) = -4*k(j) + 3*z(j). Give s(-7).
7
Let w(q) = q**3 + 2*q**2 + 128. Let j be w(0). Suppose -124*n = -j*n + 32. Let f(i) = i**2 - 6*i + 4. Calculate f(n).
20
Let p(k) = -3*k + 3. Let m be p(-2). Let l(x) = -x**2 + 7*x + 15. What is l(m)?
-3
Let u = -450 - -454. Suppose 8*a = -u*a - 108. Let s(j) = -j**2 - 8*j + 7. Determine s(a).
-2
Let m(l) = 39*l + 2309. Let g be m(-59). Let o(p) = -8*p + 69. Calculate o(g).
5
Let b(r) = -20*r**3 - 46*r**2 - 40*r - 18. Let h(m) = 7*m**3 + 16*m**2 + 14*m + 6. Let w(s) = -6*b(s) - 17*h(s). Give w(-3).
9
Let p(l) = 4*l**3 - 2*l + 1. Let m(x) = -x**3 - 5*x**2 + 10*x - 27. Let c = -326 - -319. Let b be m(c). Determine p(b).
3
Let p(f) = 7*f**3 + 7*f**2 - 3*f - 1. Let n(d) = 5*d**3 + 8*d**2 - 2*d - 1. Let q(c) = 4*n(c) - 3*p(c). Give q(11).
10
Let f(x) be the second derivative of x**7/420 + x**6/360 + x**5/120 + 32*x**3/3 - 157*x. Let t(q) be the second derivative of f(q). Calculate t(-1).
-2
Let v(q) = 5*q + 98. Let s be v(-21). Let y(j) = j**3 + 6*j**2 + 42. Let i be y(s). Let g(t) = t**3 + 8*t**2 + 6*t - 7. Give g(i).
0
Let b(l) = l**2 + 39*l + 69. Suppose 3*w + 3*t + 117 = 0, 92 - 100 = 4*t. What is b(w)?
-5
Let o(i) = -9*i**3 - 4*i**2 - 1. Suppose -5*w + 5 = -35*c + 37*c, 3*w = -c + 4. Let m(j) = -j**2. Let p(h) = c*m(h) + o(h). Suppose 3 + 0 = 3*v. What is p(v)?
-9
Let l(i) be the second derivative of -4*i**3 + 3*i**2/2 + 2276*i - 2. Calculate l(4).
-93
Suppose -3*f + 8 = -7*f. Let l be f/(-1)*3*(0 + -1). Let b(y) = y**2 + y + 2. Let m(j) = -5*j**2 - 2*j - 6. Let h(d) = -6*b(d) - m(d). What is h(l)?
-18
Let b be 16/(-36)*(-135)/30*(3 - 2). Let f(a) = -37*a + 40. Give f(b).
-34
Let d(n) = n**3 + 7*n**2 + 3*n - 8. Let r be 12/10*2325/9. Let k = -316 + r. Calculate d(k).
10
Suppose 47 - 7 = -3*f + 2*j, -4*f - 5*j = 15. Let n = 10 + f. Let m(z) = 149*z - 151*z + n*z**2 + 1 - z**2. What is m(-4)?
-7
Let u(h) be the second derivative of h**4/12 + 1083*h - 2. Let d = 23 - 18. Give u(d).
25
Suppose -u + 51 = -12*k + 17*k, -2*u - 66 = -4*k. Let a(m) = m**2 - 11*m - 24. Determine a(k).
-12
Let v(s) = -660*s**2 - 661*s**2 - 5752 + 1318*s**2 - 3*s**3 + 5752. Let u be (-2)/4*8/2. Give v(u).
12
Let n(p) be the first derivative of -5*p**2/2 + 11*p + 1345. Determine n(6).
-19
Let c(h) = -h**3 - 2*h**2 - 3*h - 5. Let s(p) be the second derivative of -4*p**3/3 - 10*p**2 + 5*p + 1. Let o be s(-2). Determine c(o).
39
Let s(k) be the first derivative of -7/6*k**3 + 0*k - 16*k**2 - 1/4*k**4 - 1/60*k**5 + 13. Let j(x) be the second derivative of s(x). Calculate j(-6).
-7
Let m(i) = i**3 + 4*i**2 - 33*i + 2. Let z be m(-8). Let s(q) = 9*q**2 + 31*q - 6. Let g(o) = 5*o**2 + 16*o - 3. Let d(v) = -11*g(v) + 6*s(v). Give d(z).
-3
Let l(u) = -6*u + 46. Let f = 4051 + -4042. What is l(f)?
-8
Suppose 2*a = 13 - 3, a + 27 = 4*o. Let r(u) = -5*u + 22. Let i(p) = -3*p + 15. Let c(s) = o*i(s) - 5*r(s). Let v be (-1 - 0) + 6/6. What is c(v)?
10
Let y(v) = -v**3 - 11*v**2 - 6. Suppose 333 = 12*n + 465. Give y(n).
-6
Let r(n) = n**2 - 7*n - 1. Let x(s) = 8*s - 11 + 20 - 4 - s**2. Let d(g) = 3*r(g) + 2*x(g). Determine d(3).
1
Let w = 2815 - 2810. Let f(l) = 3*l**2 - 11*l + 6. Determine f(w).
26
Let j(h) = 17*h**3 - 2*h + 1. Suppose 477 = -2*i - z, 1 + 4 = z. Let b = -240 - i. Calculate j(b).
16
Let x(u) be the third derivative of u**7/840 + 133*u**3/3 + 28*u**2. Let v(b) be the first derivative of x(b). Determine v(2).
8
Let l(w) = -597 + 2*w - 859 + 1466. Let s(v) = v**3 - 3*v**2 - 5*v + 4. Let f be s(4). Give l(f).
10
Let y(i) = i**3 - 2*i**2 - 2*i + 3. Suppose 7*l = 36 - 15. Let b be y(l). Let v(j) = -2*j - 4. Let r(t) = 1. Let o(g) = 5*r(g) + v(g). What is o(b)?
-11
Let i = 24 - -9. Let m be (4 + -5)*i + 3. Let l = 31 + m. Let r(u) = -6*u**2 + 1. Determine r(l).
-5
Let l(u) = 26*u - 48. Suppose -5*w + 9 = -2*f - 4, -2*f + 5 = w. Determine l(w).
30
Let u(b) = -13*b**2 + 1 + 52*b**2 + 1 - 3. Let z(f) = -2*f**3 - 17*f**2 - 4*f + 33. Let c be z(-8). Determine u(c).
38
Suppose -30*a + 29*a + 10 = 0. Let o(u) = 21*u - 15*u - 10*u + 13. Give o(a).
-27
Let g(r) be the first derivative of 7*r**3/3 - 23*r**2/2 + 8*r - 4505. What is g(3)?
2
Suppose -2*z = -z - 4. Let r = z + 1. Let d(v) = -3*v**3 - 3*v**3 - 1 - 4*v - 57*v**2 + 4*v**3 + 63*v**2 + v**3. Determine d(r).
4
Let s(c) = 2*c**2 + 5*c - 3. Let j(q) = 3*q**2 + 7*q - 5. Let d(u) = 5*j(u) - 7*s(u). Suppose 2*y - 2 = -v, 10 = y + 8*v - 3*v. Calculate d(y).
-4
Let m(z) = -11*z**2 + 22*z + 9. Let x(l) = 9*l**2 - 18*l - 9. Let s(f) = 4*m(f) + 5*x(f). Give s(-6).
39
Let j = -1954 - -1949. Let p(u) be the third derivative of -u**4/24 + 7*u**3/6 - u**2. Determine p(j).
12
Let i(w) be the second derivative of -w**4/6 + 17*w**3/6 - 19*w**2/2 - 7598*w. Calculate i(7).
2
Let w be 4/((-16)/(-2))*130. Let t = 71 - w. Let l(s) = 0*s**2 - t - s**2 - 156*s + 166*s. Give l(9).
3
Let a(w) = -2*w + 1. Suppose 4*z + 0*n = -2*n + 12, 3*z = 3*n - 9. Let p(s) = -2*s**2 + 2. Let t(c) = z*p(c) - a(c). Suppose 2 = -3*r + 8. Give t(r).
-3
Let v(f) = 503*f**3 - 502*f**3 + 8 - 16*f + f**2 - 18*f**2 + 75*f. Determine v(12).
-4
Let s(k) = k + 6. Let i be s(-4). Let g(m) = 8*m - 31 - m**i + 6 + 29. Give g(8).
4
Let m = -43 + 37. Let g(j) = 13*j - 4 - j**3 - 139*j**2 + 277*j**2 - 142*j**2. Let h be g(m). Let b(u) = 2*u + 13. Determine b(h).
-7
Suppose -3*b - 14 = -8, -4*x + 5*b + 86 = 0. Let o(t) = x*t - 36 - 20*t + 27. What is o(-7)?
-2
Let a(i) = -i**3 - 25*i**2 + 21*i - 127. Let m be a(-26). Let c(x) = 8 - m*x**3 - 5*x**2 - 4*x**3 + 6*x**3 - 6*x - 10. Determine c(-5).
28
Let c = -95 - -103. Suppose 7*d - c = 9*d. Let b(n) = -2*n - 9. Give b(d).
-1
Let w(j) = -2*j**3 - 9*j**2 - 6*j - 10. Let v be w(-4). Let p be 1 + -6 + 2 - (v + 4). Let c(t) = -2*t - 12. What is c(p)?
-2
Let s be 52/(-208)*56/(-2). Let n(a) = 29*a - 9*a - s*a - 14*a + 2. Give n(-3).
5
Suppose -824*j = -815*j + 27. Let y(w) = 2*w**3 + 2*w**2 + w + 7. Give y(j).
-32
Let v(y) = 3*y**3 + 2*y**2 - 2*y. Let t be v(1). Let a be (-2*6/8)/(t/4). Let b(r) = 5*r**2 - r - 1. Calculate b(a).
21
Let u(v) = -v**2 - 3*v + 20. Let q be u(0). Suppose 3*a - q = -2*a. Let l be 4 + 2 - 3 - a. Let k(y) = 16*y - 1. Give k(l).
-17
Suppose 10*p - 19 = 6*p + q, 2*q + 6 = 0. Let c(v) = -4*v + 16. Give c(p).
0
Let w(p) = p**2 - p + 1. Suppose 4*f = 2*j - 16, -f = 3*f + 3*j + 16. Let c(o) = o**3 - 7*o**2 + 8*o - 6. Let i(n) = f*w(n) - c(n). Give i(2).
-2
Let y be 1/(11 - 105/10). Let t(p) be the first derivative of 17 + 2*p**y + 1/3*p**3 + 0*p. What is t(-3)?
-3
Let s(a) = -93 - 79*a**2 + 3*a + 283*a**2 - 203*a**2. Give s(0).
-93
Suppose -36*s + 259 + 46 - 17 = 0. Let x(c) be the third derivative of c**5/30 - 5*c**4/8 - 7*c**3/3 + c**2. What is x(s)?
-6
Let i(c) be the third derivative of -5*c**4/6 + 13*c**3/3 + 9*c**2 - 22*c. What is i(1)?
6
Let p(h) = -13*h**2 + h - 1. Suppose -2*w - 384 = z - 75, -2*w - 1